 factors of 980.
2, 5, 7
What are the prime factors of 29964?
2, 3, 11, 227
What are the prime factors of 52689?
3, 7, 13, 193
List the prime factors of 1015.
5, 7, 29
List the prime factors of 2871.
3, 11, 29
What are the prime factors of 4996?
2, 1249
List the prime factors of 18443.
18443
What are the prime factors of 31997?
7, 653
List the prime factors of 5857.
5857
What are the prime factors of 11535?
3, 5, 769
List the prime factors of 4215.
3, 5, 281
What are the prime factors of 115264?
2, 1801
List the prime factors of 1216.
2, 19
What are the prime factors of 285?
3, 5, 19
List the prime factors of 45650.
2, 5, 11, 83
What are the prime factors of 3126?
2, 3, 521
List the prime factors of 5975.
5, 239
List the prime factors of 18389.
7, 37, 71
What are the prime factors of 3034?
2, 37, 41
List the prime factors of 35367.
3, 11789
List the prime factors of 13508.
2, 11, 307
What are the prime factors of 598?
2, 13, 23
What are the prime factors of 795?
3, 5, 53
List the prime factors of 552.
2, 3, 23
List the prime factors of 79201.
79201
What are the prime factors of 1229?
1229
What are the prime factors of 7578?
2, 3, 421
What are the prime factors of 63245?
5, 7, 13, 139
List the prime factors of 3489.
3, 1163
List the prime factors of 7931.
7, 11, 103
List the prime factors of 104.
2, 13
List the prime factors of 12146.
2, 6073
What are the prime factors of 3179?
11, 17
What are the prime factors of 55429?
11, 5039
List the prime factors of 57809.
57809
List the prime factors of 73711.
11, 6701
What are the prime factors of 3128?
2, 17, 23
What are the prime factors of 7806?
2, 3, 1301
List the prime factors of 41547.
3, 11, 1259
List the prime factors of 66.
2, 3, 11
What are the prime factors of 30296?
2, 7, 541
List the prime factors of 11851.
7, 1693
List the prime factors of 3834.
2, 3, 71
List the prime factors of 473.
11, 43
What are the prime factors of 1175?
5, 47
What are the prime factors of 2116?
2, 23
What are the prime factors of 12?
2, 3
List the prime factors of 76613.
23, 3331
What are the prime factors of 57216?
2, 3, 149
List the prime factors of 3858.
2, 3, 643
List the prime factors of 1395.
3, 5, 31
What are the prime factors of 51?
3, 17
List the prime factors of 262.
2, 131
What are the prime factors of 2985?
3, 5, 199
List the prime factors of 1305.
3, 5, 29
What are the prime factors of 1569?
3, 523
List the prime factors of 390.
2, 3, 5, 13
List the prime factors of 47.
47
List the prime factors of 3266.
2, 23, 71
List the prime factors of 2749.
2749
List the prime factors of 1376.
2, 43
List the prime factors of 153659.
11, 61, 229
What are the prime factors of 31563?
3, 7, 167
List the prime factors of 13962.
2, 3, 13, 179
List the prime factors of 996.
2, 3, 83
List the prime factors of 75798.
2, 3, 4211
What are the prime factors of 648?
2, 3
List the prime factors of 1128.
2, 3, 47
List the prime factors of 5285.
5, 7, 151
What are the prime factors of 29102?
2, 14551
What are the prime factors of 9301?
71, 131
List the prime factors of 3546.
2, 3, 197
What are the prime factors of 253?
11, 23
What are the prime factors of 47847?
3, 41, 389
What are the prime factors of 401?
401
List the prime factors of 2438.
2, 23, 53
What are the prime factors of 19799?
13, 1523
List the prime factors of 677.
677
List the prime factors of 294.
2, 3, 7
List the prime factors of 2436.
2, 3, 7, 29
What are the prime factors of 1816?
2, 227
List the prime factors of 21094.
2, 53, 199
List the prime factors of 4191.
3, 11, 127
What are the prime factors of 944?
2, 59
List the prime factors of 2713.
2713
What are the prime factors of 2178?
2, 3, 11
What are the prime factors of 2520?
2, 3, 5, 7
List the prime factors of 131141.
199, 659
List the prime factors of 1975.
5, 79
What are the prime factors of 748?
2, 11, 17
List the prime factors of 79619.
103, 773
What are the prime factors of 1666?
2, 7, 17
What are the prime factors of 9023?
7, 1289
What are the prime factors of 15883?
7, 2269
List the prime factors of 70176.
2, 3, 17, 43
What are the prime factors of 4092?
2, 3, 11, 31
What are the prime factors of 874?
2, 19, 23
What are the prime factors of 626?
2, 313
List the prime factors of 6051.
3, 2017
What are the prime factors of 21418?
2, 10709
List the prime factors of 113950.
2, 5, 43, 53
List the prime factors of 439.
439
List the prime factors of 137123.
7, 19, 1031
List the prime factors of 70769.
70769
What are the prime factors of 1208?
2, 151
What are the prime factors of 4556?
2, 17, 67
What are the prime factors of 26476?
2, 6619
List the prime factors of 11903.
11903
List the prime factors of 827.
827
List the prime factors of 65561.
53, 1237
List the prime factors of 96197.
19, 61, 83
List the prime factors of 20666.
2, 10333
List the prime factors of 1314.
2, 3, 73
What are the prime factors of 1540?
2, 5, 7, 11
List the prime factors of 69432.
2, 3, 11, 263
List the prime factors of 133107.
3, 13, 3413
What are the prime factors of 1500?
2, 3, 5
What are the prime factors of 1377?
3, 17
List the prime factors of 33.
3, 11
What are the prime factors of 78863?
17, 4639
What are the prime factors of 17479?
7, 11, 227
What are the prime factors of 1345?
5, 269
List the prime factors of 907.
907
List the prime factors of 2099.
2099
List the prime factors of 1075.
5, 43
List the prime factors of 2692.
2, 673
What are the prime factors of 2069?
2069
What are the prime factors of 56708?
2, 14177
What are the prime factors of 8493?
3, 19, 149
List the prime factors of 7799.
11, 709
List the prime factors of 404.
2, 101
What are the prime factors of 2264?
2, 283
List the prime factors of 68138.
2, 7, 31, 157
What are the prime factors of 46586?
2, 23293
List the prime factors of 5028.
2, 3, 419
List the prime factors of 2570.
2, 5, 257
What are the prime factors of 1950?
2, 3, 5, 13
List the prime factors of 199.
199
What are the prime factors of 9754?
2, 4877
List the prime factors of 3688.
2, 461
List the prime factors of 5608.
2, 701
What are the prime factors of 548?
2, 137
List the prime factors of 45242.
2, 22621
What are the prime factors of 21556?
2, 17, 317
List the prime factors of 8396.
2, 2099
List the prime factors of 43.
43
List the prime factors of 118584.
2, 3, 61
List the prime factors of 175469.
7, 3581
List the prime factors of 2419.
41, 59
List the prime factors of 36122.
2, 18061
What are the prime factors of 2433?
3, 811
List the prime factors of 9114.
2, 3, 7, 31
What are the prime factors of 2300?
2, 5, 23
List the prime factors of 19447.
19447
What are the prime factors of 24065?
5, 4813
What are the prime factors of 8806?
2, 7, 17, 37
List the prime factors of 88133.
31, 2843
List the prime factors of 86.
2, 43
What are the prime factors of 70?
2, 5, 7
What are the prime factors of 9557?
19, 503
What are the prime factors of 23202?
2, 3, 1289
List the prime factors of 306.
2, 3, 17
What are the prime factors of 3749?
23, 163
What are the prime factors of 101299?
11, 9209
List the prime factors of 939.
3, 313
List the prime factors of 15079.
17, 887
List the prime factors of 744.
2, 3, 31
What are the prime factors of 2995?
5, 599
What are the prime factors of 58290?
2, 3, 5, 29, 67
List the prime factors of 2012.
2, 503
List the prime factors of 21805.
5, 7, 89
List the prime factors of 46288.
2, 11, 263
What are the prime factors of 1326?
2, 3, 13, 17
List the prime factors of 37378.
2, 11, 1699
List the prime factors of 4934.
2, 2467
What are the prime factors of 54715?
5, 31, 353
What are the prime factors of 3647?
7, 521
List the prime factors of 1370.
2, 5, 137
List the prime factors of 15514.
2, 7757
List the prime factors of 13065.
3, 5, 13, 67
What are the prime factors of 24402?
2, 3, 7, 83
What are the prime factors of 887?
887
List the prime factors of 1204.
2, 7, 43
List the prime factors of 60861.
3, 20287
List the prime factors of 12735.
3, 5, 283
List the prime factors of 37442.
2, 97, 193
List the prime factors of 18481.
18481
List the prime factors of 82.
2, 41
What are the prime factors of 468?
2, 3, 13
List the prime factors of 127.
127
List the prime factors of 301.
7, 43
List the prime factors of 2212.
2, 7, 79
List the prime factors of 23259.
3, 7753
Wh